t the prime factors of ((-2)/6)/((-2)/m).
7
Let c = -12 + 9. List the prime factors of (-4)/c*(-165)/(-10).
2, 11
Let g(h) = h**2 - 1 + 0*h**2 + 2*h - 7*h. List the prime factors of g(6).
5
Suppose -3*t = 2*t - 15. Suppose -t*f = -5*f + 16. List the prime factors of f.
2
What are the prime factors of -2*(-1)/((-8)/(-100))?
5
Suppose 2*n - n - 98 = -w, 3*w + 2*n - 298 = 0. List the prime factors of w.
2, 3, 17
Suppose 25*w - 222 = 19*w. What are the prime factors of w?
37
Suppose -244 = -3*a + 155. What are the prime factors of a?
7, 19
Let c = -6 - -8. Suppose 4*k + 5 = -j, -7 = -3*j - c*k - 2. Suppose -27 = -4*r - j. What are the prime factors of r?
2, 3
Let m = 404 + -192. List the prime factors of m.
2, 53
Suppose -4*l = 1 + 7. Let r = l - -5. Suppose -r*k = k - 12. List the prime factors of k.
3
Let v = 65 - 38. List the prime factors of v.
3
Let u(c) = -5*c**2 - 10 + 5*c**3 - 3*c**2 + 0*c**2 + 9*c - 4*c**3. List the prime factors of u(7).
2
Suppose -5*n - 280 = -5*w, -3*w - 4*n = n - 184. Let q = -16 + w. List the prime factors of q.
2, 3, 7
Let x(i) be the first derivative of -i**3/3 + 5*i**2 - 7*i + 1. List the prime factors of x(8).
3
Let k(o) be the second derivative of o**4/12 + o**3/6 + o. Let n(t) = t**2 + 8*t + 8. Let q be n(-6). List the prime factors of k(q).
2, 3
Let z(b) = -b**2 - 6*b + 8. Let k be z(-7). Suppose 9*v - 8*v = -21. List the prime factors of v*k/(6/(-4)).
2, 7
Suppose -48 = -2*d + 66. Suppose x - 5*o - 32 = 0, d = 2*x + x - 2*o. What are the prime factors of x?
17
Suppose 47*n + 288 = 50*n. List the prime factors of n.
2, 3
Let l(a) = a**3 + 4*a**2 - 3*a - 5. Let g be l(-4). Suppose 0 = -g*u + 3*u + 12. List the prime factors of u.
3
Suppose 2*z = 5*f - 3*z - 30, -f - 19 = 4*z. Suppose 2*l - 2 = -0*l. Suppose -f = -i + l. What are the prime factors of i?
2
Suppose 0 = 3*p - 306 - 312. List the prime factors of p.
2, 103
Let k = -2 - -4. Let y(z) = 2*z**3 - 4*z**2 + z + 2. Let c be y(k). Suppose 3*u + c*h - 47 = 0, u = 4*h + 4 + 1. What are the prime factors of u?
13
Let w(l) = -7*l + 13. Let j be w(7). Let t = j - -78. What are the prime factors of t?
2, 3, 7
What are the prime factors of 4/((-318)/(-158) - 2)?
2, 79
Suppose -5*u = 5*v - 20, -2*u + 7*u = v + 8. Suppose 0 = 5*r - v*r - 36. List the prime factors of r.
2, 3
Suppose 0 = 5*h + 4*f - 2*f - 19, -4*h + 3*f + 6 = 0. Suppose 0 = -h*q + 2*q + 4. Suppose 4*y - 5 = -3*d, 4*d = -2*y - 2*y + q. What are the prime factors of y?
2
Suppose -2*k - 1 = -11. Suppose 9 - 36 = -2*m + 3*j, -k*j = 5. What are the prime factors of m?
2, 3
Let h(m) = m**3 - 6*m**2 + 4*m + 1. Let p be h(5). Let n = p - -26. Let w = 31 - n. List the prime factors of w.
3
Let q(r) = -r**3 + 7*r**2 + 8*r - 6. Let c be q(8). List the prime factors of 5 - (c - -1 - -3).
7
Let n = 5 - 9. Let b = 2 - n. List the prime factors of b.
2, 3
Let o = -136 - -279. What are the prime factors of o?
11, 13
Let s = 66 + -2. Let p(x) = -x + 8. Let n be p(0). Suppose -4*b + s = n. List the prime factors of b.
2, 7
Let l = -19 + 9. Let b(s) = -s**3 + 2*s**2 + 2*s + 1. Let n be b(-1). Let z = n - l. List the prime factors of z.
2, 3
Let j(a) = -34*a + 20. List the prime factors of j(-4).
2, 3, 13
Let u = 20 + -18. What are the prime factors of u?
2
Let g be 36 - (-3 - (3 - 6)). Suppose v - 3*v = -g. List the prime factors of v.
2, 3
Suppose -2*o + 4*o - 68 = 0. What are the prime factors of o?
2, 17
Suppose 4*t + 5*o = 106, -5*o - 55 = -2*t + 13. List the prime factors of t.
29
Let g = 42 + 56. What are the prime factors of g?
2, 7
Let j(a) = a. Let o(k) = 3*k + 3. Let d(x) = 4*j(x) - o(x). Let w be d(-8). Let r = -9 - w. What are the prime factors of r?
2
Let g(d) = d**2 + 4*d + 8. List the prime factors of g(3).
29
Suppose u = 4*p - 8, 2*u = 5*u. Let i(x) be the second derivative of x**5/20 + x**4/6 + x**3/6 + x**2/2 + 2*x. What are the prime factors of i(p)?
19
Let k(x) = x**2 - 6*x**2 - x**3 + 2*x**2 + 2 - x**3. List the prime factors of k(-2).
2, 3
Let a be 1/1*(3 + 1). Let f(p) = -7*p + 3*p + 5 - a*p + p**2. What are the prime factors of f(8)?
5
What are the prime factors of 5 + -3 + (-2 + 2 - -101)?
103
Let p = -33 - -288. List the prime factors of p.
3, 5, 17
Suppose 0 = -h + 61 + 15. Let c = -44 + h. What are the prime factors of c?
2
Suppose 4*g + 3*p - 95 + 22 = 0, 4*g - 72 = -4*p. List the prime factors of g.
19
Suppose g + 0*m = -m + 4, 5*g + 4*m = 24. Let a(w) = -5*w - 1. Let n be a(-1). Suppose -o = -n*c, 0 = -5*o + 4*c + 24 + g. List the prime factors of o.
2
Suppose 4*o = 5*w + 257, 0 = -0*o + 4*o - 3*w - 255. What are the prime factors of o?
3, 7
Let d be (-9 + 5)*(-6)/4. Let i be (3/d)/(-1)*-94. Suppose 2*w + 56 = 6*w - 4*j, 4*j = 3*w - i. List the prime factors of w.
3
Let q be (25/(-15))/((-2)/(-108)). List the prime factors of ((-11)/((-11)/q))/(-2).
3, 5
Let g(r) = -r**2 - 6*r - 5. Let j be g(-5). Suppose j = 2*z - 0 - 2. List the prime factors of 6 + 0 - (z - 4).
3
Suppose 4*q = -q + 55. Suppose -2*n + 3*f + q = 2*n, 2*f = -2. Suppose n*l + 18 = 4*l. List the prime factors of l.
3
Let v(w) = w**3 - 5 - 2*w**3 + 3. List the prime factors of v(-2).
2, 3
What are the prime factors of (-186)/5*(2 - (-48)/(-9))?
2, 31
Let k(w) = 5*w**2 - 16*w. List the prime factors of k(7).
7, 19
Suppose -6 = i + 2*i. List the prime factors of i/(-9) - (-244)/36.
7
Let x = 15 + -16. Let b(q) = 30*q**2. List the prime factors of b(x).
2, 3, 5
Suppose 5*q + 5*p - 160 = 0, 4*q - p = 3 + 105. What are the prime factors of q?
2, 7
Suppose -3*s + 8 = s. Let v be (-4)/(-10)*180/s. Suppose 0 = -5*k + 2*k + v. What are the prime factors of k?
2, 3
Suppose -5*x = -3 - 22. Suppose 0 = 3*k - x*k + 18. What are the prime factors of k?
3
Suppose 0 = -a + 5, -5*u - 2*a + 127 + 13 = 0. List the prime factors of u.
2, 13
Let k be (-1 - -4)*(-2)/6. List the prime factors of k*4*10/(-4).
2, 5
Let j = 128 + -49. Suppose 4*g = 2*n + j - 31, 0 = -2*g - 5*n + 36. What are the prime factors of g?
13
Let p(n) = 6*n - 15. What are the prime factors of p(14)?
3, 23
Suppose y - 3*d + 7 = 0, 0*y - 22 = -4*y + 2*d. List the prime factors of y.
2
Let p(u) = -u**3 + 9*u**2 - u + 8. Let t be p(9). Let a(h) = -17*h**3 - 2*h**2 - 2*h - 1. What are the prime factors of a(t)?
2
Suppose 5*h + 9 = -11, 0 = -5*f - h + 6. Suppose -4*x + 20 = f*a, 27 = 3*a + 2*x + 3*x. What are the prime factors of a?
2
Let j be -23*(0 - 1) + 1. Suppose -5*f = 82 - 2. Let a = f + j. What are the prime factors of a?
2
Let s = 7 - 3. Suppose 0 = v - s + 1. Suppose -v*a - 7 = -25. What are the prime factors of a?
2, 3
Suppose -6*w + u = -3*w - 487, w + u = 157. What are the prime factors of w?
7, 23
Let m be ((-12)/(-18))/(4/258). Suppose m = 4*c + 3*z, -c - 3*c = -4*z - 64. List the prime factors of c.
13
Let n(h) = h**3 - 22*h**2 - 19*h - 21. List the prime factors of n(23).
71
What are the prime factors of -26*2*9/(-12)?
3, 13
Suppose -8 = -2*p - 2. Suppose p*t + 6 = 45. What are the prime factors of 1 - 1 - -1*t?
13
Suppose 3*i + 2*i - 120 = 0. What are the prime factors of i?
2, 3
What are the prime factors of (-24)/(-20) - 2 - 1557/(-15)?
103
Suppose 547 = 5*j - 4*o, 3*o + 10 = 1. List the prime factors of j.
107
Let h = -11 - -15. Let c be (36/30)/(h/50). Let u = c - 3. What are the prime factors of u?
2, 3
Suppose c + c - 6 = 0. Suppose 3*v - 36 = -p, 2*p - c*v + 0*v = 72. What are the prime factors of p?
2, 3
What are the prime factors of (-4)/18 - (4336/(-72) - 1)?
61
Let b(n) = -n**2 - 8*n - 3. Let a be b(-8). Let l(c) = c**3 + 5*c**2 - c - 4. List the prime factors of l(a).
17
Suppose -p + 14 = -3*p - 5*i, 3*p = -5*i - 11. Let d be -1 + (p - 1) + 1. Suppose -16 + 0 = -d*w. List the prime factors of w.
2
Let x be ((-1 - -1)/3)/3. Suppose -q + 3 + 4 = b, b = x. What are the prime factors of q?
7
Let y(x) = x + 0 - 2*x**3 + 3*x**3 + 1 - 3*x**2. What are the prime factors of y(4)?
3, 7
Suppose 0 = -7*v + 9*v - 48. What are the prime factors of v?
2, 3
Suppose 5*c + 466 = 7*c. List the prime factors of c.
233
Let z = 1 - -15. What are the prime factors of z?
2
Let j be 12/(-5) + 2/5. Let a be (7/(-14))/(j/20). Let z(k) = -k**3 + 6*k**2 - 4*k + 1. List the prime factors of z(a).
2, 3
Let z be ((-3)/(-6))/(-1)*-4. Let c be (-51)/6*z + 2. Let n = 3 - c. List t